ens digit of n?
9
Suppose -345 = -7*k + 110. What is the tens digit of k?
6
Let k be (4/(-4) - 0)*5. Let w = k + 7. What is the units digit of w?
2
Suppose 58 = 3*w - 5. Suppose -m = -0*m - w. What is the tens digit of m?
2
Suppose -q - 7 = 4*o - 2*o, -5 = o. Suppose -z + 76 = q*z + a, 3*z - 46 = 2*a. What is the tens digit of z?
1
Suppose -3*i - 12 = -30. Suppose 20 = 5*m + 2*n, 5*m + 0*n = -4*n + 30. Suppose -3*d + 3 = 4*q, i*d = m*d + 5*q + 4. What is the units digit of d?
1
Let a be (-6)/4*(-18 + 4). Suppose a = -3*f - 21. Let b = -7 - f. What is the units digit of b?
7
Let w(y) = y**3 - 5*y**2 - 7*y + 10. What is the units digit of w(7)?
9
Suppose -2*c - m = -26, -4*m + m = -c + 13. Suppose 4*x - 2*s = 38, -2*s = 2*x - 15 - c. What is the tens digit of x?
1
Suppose 7*t - 585 = 2*t. What is the units digit of t?
7
Let d(q) = -12 - q + 2 - 3*q. What is the units digit of d(-8)?
2
Suppose -4*w - 598 = -146. Let l = w + 158. Suppose 3*j + l = 8*j + 5*u, -5*j = 4*u - 41. What is the units digit of j?
5
Suppose -8*b = -829 - 347. What is the tens digit of b?
4
Let f = -13 - -12. What is the units digit of 87/6*(-2)/f?
9
What is the tens digit of 36 - (4 + -4)/(-4)?
3
Suppose -3*o + 7*q = 2*q - 131, -5*o - q + 237 = 0. What is the tens digit of o?
4
Suppose -2*s = s + 15. Let b(g) = -2*g - 5. Let z be b(s). Suppose -5*y + 24 + 57 = 3*r, 40 = 2*y + z*r. What is the units digit of y?
5
Let h(f) = -522*f**2 - 3*f + 1. Let x be h(1). What is the tens digit of (-36)/(-198) + x/(-22)?
2
Let r(y) = y**2 - 9*y + 9. Let b be r(8). Let g = b + 1. What is the units digit of g?
2
Suppose 2*k = 4*j - 190, -5*k = -8*j + 3*j + 240. What is the tens digit of j?
4
Suppose -2*b = -u + 55, 130 = 5*u - 5*b - 125. What is the units digit of u?
7
Suppose -3 - 1 = -2*r. Suppose 8 = r*h - 5*v, v - 1 - 3 = -h. Suppose 9 + 19 = h*b. What is the units digit of b?
7
Suppose 3*s - 2*j - 56 = -4*j, -5*s + 85 = 5*j. What is the tens digit of s?
2
Let u be (32/24)/(4/6). Let v be -12*1/u*2. Let d = v - -26. What is the tens digit of d?
1
Let v = 236 - 166. What is the tens digit of v?
7
Let j(y) = 83*y**2 + 2*y - 2. What is the hundreds digit of j(2)?
3
Let v(q) = q**3 - 7*q**2 - 8*q + 10. What is the tens digit of v(8)?
1
Let h = 31 - 27. Let q = 93 + -61. Suppose 4*u - q = -h. What is the units digit of u?
7
Let p(b) = -b**2 + 7*b - 10. Let g be p(4). What is the units digit of g + (-4)/1 - -33?
1
Suppose 6*v = v + 175. What is the tens digit of v?
3
Let y = -34 - -10. Let k be y/16*(-12)/2. What is the units digit of k*(-3 - (-33)/9)?
6
Let q(r) = r**2 + 11*r + 4. Let b be q(-10). What is the tens digit of 9/b + (-111)/(-6)?
1
Suppose -10*h = 2*h - 1140. What is the units digit of h?
5
Let m be (-3)/(-3) + (62 - 0). Suppose 4*b + 15 = m. What is the tens digit of b?
1
Suppose -6 = -5*h - 16. Let u(d) = 3*d**3 - d**2 + 2*d - 1. Let w be u(1). What is the units digit of w/12*(2 - h)?
1
Suppose 0 = -6*y + y. Suppose -2*q + q - 5*l + 49 = y, 2*l = q - 42. What is the tens digit of q?
4
Suppose 8*u - 120 = 16. What is the units digit of u?
7
Let l = 28 - 13. What is the units digit of l?
5
Let u(q) = -q**2 + 13*q + 14. What is the tens digit of u(10)?
4
Suppose 12*l - 1168 = 284. What is the units digit of l?
1
Suppose 1 - 10 = -3*i. What is the units digit of i?
3
Let t = 72 - 42. What is the tens digit of t?
3
What is the units digit of (5/15)/(2/120)?
0
Let n be 3/1*2*-1. Let z(a) = -a**2 - 7*a - 7. Let v be z(n). Let h = v - -8. What is the units digit of h?
7
Suppose p + 3*k + 12 = 4*p, 5*p + 2*k - 20 = 0. What is the tens digit of (-7)/p*-2*4?
1
What is the units digit of 179/2 - 12/24?
9
Let p(y) = 7*y**3 + y**2 + y - 2. Suppose 0 = -2*i + 2 + 2. Let q be p(i). Suppose -7*k = -4*k - q. What is the tens digit of k?
2
Suppose 5*l - 2*x = x - 52, -5*x - 5 = 0. Let r = l - -16. Suppose 4*k - 3 = r. What is the units digit of k?
2
Let g be 12/1*12/8. What is the units digit of (2/(-1))/((-4)/g)?
9
Suppose 2*o = -22 + 62. What is the units digit of o?
0
Let x(s) = s**2 - 2*s - 11. What is the units digit of x(8)?
7
Let k = -15 + 10. Let y = -9 - k. What is the units digit of (y/(-12))/((-2)/(-30))?
5
Let w be 2*(1 + 0) - -4. Suppose g = 0, -w = s - 4*g - 26. What is the tens digit of s?
2
Let v(a) = -a**3 - 7*a**2 + 1. Let f be v(-7). What is the units digit of (5 - (f - -2))*29?
8
Suppose -2*f + 5*q - 7 + 116 = 0, -2*f + 99 = -3*q. What is the units digit of f?
2
Let c be 0/(-2 - -6) - -6. Suppose 7*i = 9*i - c. What is the units digit of i?
3
Let c be (-12)/7 + 10/(-35). What is the units digit of ((-1)/c + 0)*60?
0
Suppose -28 = -2*k - 26. What is the units digit of k?
1
Suppose -1 - 3 = 4*o + 2*p, -o + 10 = -5*p. Let q be (-5 - 1)*(-38)/4. Suppose o = -3*u - 0*u + q. What is the tens digit of u?
1
Suppose c - 10 = 4. What is the tens digit of c?
1
Let f be 1*(1 + -2)*-4. Suppose f*d = 3*z + 38, 6*z - 21 = -d + z. What is the units digit of d?
1
Suppose 3 = 3*o - 2*o. Let j(z) = 1 + 10*z + 1 - z**2 - o*z. What is the units digit of j(6)?
8
Let x = 4 - 5. Let s be (x - -12) + 0 + -1. Let j = s - 1. What is the units digit of j?
9
Let a = -3 - -5. Suppose -3*c = -s + 8, 2*s + a*c + 2*c = -4. Suppose -2*q + 12 + 0 = 3*l, s*l - 2*q = -2. What is the units digit of l?
2
Let v(y) = 2*y**2 + 46*y - 15. Let w(r) = -r**2 - 31*r + 10. Let h(c) = 5*v(c) + 7*w(c). What is the tens digit of h(-6)?
2
Suppose -2*r - 10 = -5*k, k = -r - 0 + 2. Suppose s + 2*s - 45 = r. Suppose -5*q - 2*z + s = 0, -q = 4*z - z + 10. What is the units digit of q?
5
Let z = -162 - -231. What is the tens digit of z?
6
Let y be 1 + (-7)/(-1)*1. Suppose w = 21 - y. What is the tens digit of w?
1
Let x be (4/5)/(4/10). What is the tens digit of (38/(-4))/((-1)/x)?
1
Let o(h) = h**2 - 6*h + 5. Let p be o(5). Suppose -3*v + 42 = -p*v. What is the units digit of v?
4
Let q(g) = g. Let i be q(4). Suppose 2*a + w = 39, -a - i*w + 35 = -2. What is the tens digit of a?
1
Let m(l) be the second derivative of l**3/2 + l. Let i be m(3). Let f = i + 0. What is the units digit of f?
9
Let s(i) = 2*i**2 - 7*i + 3. Let k be s(8). Suppose 20 = 5*p - k. What is the tens digit of p?
1
What is the tens digit of (-18)/(-4)*50/5?
4
Let x(u) = 2*u**2 + 3*u + 1. Suppose -1 = 5*o - 16. What is the units digit of x(o)?
8
Suppose 5*t = 2*q - 23, -3*t = 3 + 12. Let o = q - -4. What is the units digit of o?
3
Suppose 3*r + 0*r = 27. Let g = r + -5. Let j(y) = y**3 - 4*y**2 + 2*y - 5. What is the units digit of j(g)?
3
Suppose 0 = 3*u - u. Let w(s) = u*s**3 - 1 + 6*s**3 + 2*s - 2*s**2 - 3*s**3. What is the units digit of w(1)?
2
What is the units digit of 14/(-42) + 160/3?
3
Suppose -9 = 5*h + 71. What is the units digit of h/(-56) - (-61)/7?
9
Let y = -9 + 13. Suppose 2*l = 4*j - 110, y*j + 5*l = -j + 160. What is the units digit of j?
9
Let h be -12*((-21)/(-6) + -2). What is the units digit of (-9)/h*(-124)/(-2)?
1
Suppose 0 = -4*j + 20, w - 24 = -w - 4*j. Suppose -2*c - w*c - 8 = 0. What is the units digit of ((-3)/(-5))/(c/(-10))?
3
Let p = -12 - -15. Suppose 4*o - 16 = p*o. What is the tens digit of o?
1
Suppose 5*w + 4*n - 3*n = 796, n - 636 = -4*w. What is the tens digit of w?
6
Let p = -164 + 260. Suppose 4*w - 4*b = -0*b + 88, 2*b - p = -5*w. Suppose 0 = -2*t - 3*t + w. What is the units digit of t?
4
Let h be 0 + (-16)/(-6)*3. Let n = -6 + h. Suppose 0*s = s - n. What is the units digit of s?
2
Let z(p) = -p**3 - 5*p**2 - 2*p - 8. Let i be z(-7). What is the tens digit of ((-2)/4)/((-4)/i)?
1
Let r(x) = x**3 + x**2 + 34. What is the units digit of r(0)?
4
Suppose 0 = 3*z + j + 23, z - 4*j - 2 = 12. Let q be z/33 - (-26)/22. Suppose 2*h = 2*i - 16, 3*i - h - 31 = q. What is the units digit of i?
2
What is the tens digit of (-743)/(-2) + (-42)/28?
7
Suppose 5*k = -5*z + 90, -z - 4*k + 6 = 3. What is the units digit of z?
3
Let u be (-21)/(-6) - (-3)/6. What is the units digit of (156/(-9))/u*-3?
3
Suppose 5*u + 4*s = -23, s + s + 13 = -3*u. Let i be ((-8)/u + -3)*-6. Suppose i*y = 5 + 31. What is the tens digit of y?
1
Let j(x) = x**3 + 8*x**2 + 8*x + 6. Suppose -4*s - 55 = 2*u + 3*u, u + 17 = -2*s. Let w be j(u). Let r(b) = 6*b**2 - b - 1. What is the units digit of r(w)?
6
Let w be ((-10)/(-15))/((-2)/(-51)). Let a be (-3)/(-